 common factor of 238 and 112?
14
Calculate the greatest common divisor of 4 and 8.
4
Calculate the greatest common divisor of 36983 and 62.
31
Calculate the greatest common factor of 966 and 42.
42
Calculate the highest common divisor of 1411 and 136.
17
What is the greatest common factor of 1296 and 1632?
48
Calculate the greatest common divisor of 30 and 765.
15
Calculate the greatest common divisor of 72 and 981.
9
Calculate the greatest common factor of 2201 and 142.
71
Calculate the greatest common factor of 72 and 248.
8
What is the greatest common factor of 24 and 5622?
6
What is the greatest common divisor of 288 and 45?
9
Calculate the greatest common factor of 247 and 38.
19
What is the greatest common divisor of 35 and 43505?
35
Calculate the highest common divisor of 341 and 1166.
11
Calculate the highest common factor of 4238 and 13.
13
Calculate the highest common divisor of 24 and 10.
2
What is the highest common divisor of 42 and 106?
2
Calculate the greatest common factor of 68 and 404.
4
Calculate the highest common factor of 29 and 3509.
29
What is the highest common divisor of 133 and 38?
19
Calculate the highest common factor of 62 and 10757.
31
What is the highest common divisor of 7783 and 172?
43
Calculate the greatest common factor of 74 and 370.
74
Calculate the highest common factor of 12892 and 33.
11
What is the highest common factor of 143 and 260?
13
Calculate the highest common factor of 704 and 154.
22
What is the greatest common divisor of 308 and 84?
28
Calculate the highest common factor of 4 and 98.
2
What is the greatest common factor of 105 and 10941?
21
What is the greatest common factor of 658 and 235?
47
Calculate the highest common factor of 20 and 556.
4
Calculate the highest common factor of 256 and 704.
64
Calculate the greatest common factor of 105 and 875.
35
What is the highest common divisor of 8 and 3096?
8
What is the highest common divisor of 7788 and 308?
44
Calculate the highest common factor of 4605 and 15.
15
What is the greatest common divisor of 23 and 736?
23
Calculate the greatest common factor of 265 and 53.
53
What is the highest common factor of 2 and 1154?
2
Calculate the highest common divisor of 328 and 2214.
82
Calculate the highest common divisor of 18 and 171.
9
What is the highest common factor of 1170 and 312?
78
Calculate the highest common factor of 175 and 28.
7
What is the greatest common divisor of 256 and 32?
32
Calculate the highest common factor of 30 and 390.
30
What is the highest common factor of 4968 and 27?
27
What is the greatest common factor of 156 and 260?
52
Calculate the highest common divisor of 13 and 2561.
13
Calculate the greatest common factor of 351 and 54.
27
Calculate the highest common factor of 90 and 10.
10
What is the greatest common divisor of 15 and 60?
15
What is the greatest common divisor of 92 and 2507?
23
What is the highest common divisor of 372 and 2883?
93
What is the greatest common factor of 64 and 125?
1
Calculate the highest common divisor of 246 and 75.
3
What is the greatest common divisor of 1368 and 192?
24
What is the highest common factor of 341 and 1984?
31
Calculate the highest common divisor of 532 and 6.
2
What is the highest common factor of 40 and 45?
5
Calculate the highest common divisor of 10 and 2545.
5
What is the highest common divisor of 108 and 306?
18
What is the highest common factor of 18 and 306?
18
Calculate the highest common divisor of 205 and 8323.
41
What is the greatest common factor of 476 and 140?
28
Calculate the greatest common factor of 50 and 230.
10
What is the highest common divisor of 16 and 188?
4
Calculate the greatest common divisor of 13169 and 13.
13
What is the greatest common factor of 70 and 98?
14
What is the greatest common divisor of 621 and 69?
69
Calculate the greatest common divisor of 356 and 6497.
89
What is the greatest common divisor of 2430 and 90?
90
Calculate the greatest common divisor of 3978 and 156.
78
Calculate the highest common divisor of 81 and 18.
9
What is the greatest common factor of 532 and 84?
28
Calculate the greatest common divisor of 336 and 784.
112
Calculate the greatest common divisor of 15320 and 40.
40
Calculate the greatest common factor of 11036 and 124.
124
What is the greatest common divisor of 7680 and 15?
15
What is the greatest common divisor of 24 and 400?
8
Calculate the greatest common factor of 126 and 231.
21
What is the greatest common factor of 45 and 27?
9
Calculate the greatest common divisor of 91 and 1027.
13
What is the greatest common factor of 87 and 8439?
87
What is the highest common factor of 7 and 497?
7
Calculate the greatest common factor of 1015 and 140.
35
Calculate the highest common divisor of 23 and 23667.
23
Calculate the highest common factor of 91 and 1911.
91
Calculate the greatest common divisor of 198 and 110.
22
What is the highest common divisor of 35 and 315?
35
Calculate the highest common factor of 44 and 6.
2
What is the highest common factor of 451 and 11?
11
What is the highest common factor of 424 and 6943?
53
What is the highest common divisor of 2 and 104?
2
Calculate the highest common factor of 210 and 98.
14
What is the greatest common factor of 118 and 4?
2
What is the greatest common factor of 6 and 366?
6
Calculate the greatest common factor of 754 and 232.
58
What is the highest common factor of 44 and 1078?
22
What is the greatest common factor of 328 and 41?
41
Calculate the highest common factor of 243 and 675.
27
Calculate the greatest common divisor of 73 and 1.
1
Calculate the greatest common divisor of 198 and 24.
6
What is the highest common factor of 5430 and 30?
30
What is the greatest common divisor of 96 and 32?
32
What is the greatest common factor of 251 and 87599?
251
Calculate the highest common factor of 43 and 688.
43
What is the greatest common factor of 6 and 398?
2
Calculate the highest common divisor of 9 and 99.
9
Calculate the greatest common factor of 152 and 2696.
8
What is the greatest common divisor of 148 and 518?
74
What is the greatest common factor of 252 and 288?
36
What is the highest common divisor of 40 and 90?
10
What is the highest common factor of 23 and 2783?
23
Calculate the highest common factor of 87 and 4089.
87
Calculate the highest common divisor of 2450 and 112.
14
What is the greatest common factor of 138 and 54?
6
What is the highest common divisor of 1133 and 412?
103
What is the greatest common divisor of 195 and 2067?
39
Calculate the greatest common factor of 16 and 136.
8
What is the highest common divisor of 20 and 23040?
20
Calculate the greatest common factor of 275 and 77.
11
What is the highest common factor of 1218 and 336?
42
Calculate the greatest common factor of 167 and 142451.
167
What is the greatest common divisor of 2905 and 35?
35
Calculate the greatest common divisor of 45090 and 30.
30
What is the greatest common divisor of 165 and 1100?
55
Calculate the highest common divisor of 1120 and 35.
35
What is the greatest common factor of 9 and 1152?
9
Calculate the highest common factor of 10 and 490.
10
What is the highest common factor of 2640 and 15?
15
What is the highest common divisor of 136 and 16?
8
Calculate the highest common divisor of 16 and 1040.
16
Calculate the highest common divisor of 124 and 6.
2
What is the greatest common divisor of 28098 and 54?
18
Calculate the highest common factor of 247 and 26.
13
Calculate the greatest common divisor of 366 and 61.
61
What is the greatest common divisor of 18 and 12?
6
What is the highest common divisor of 830 and 180?
10
Calculate the highest common factor of 3591 and 378.
189
What is the highest common divisor of 496 and 800?
16
What is the highest common factor of 44 and 638?
22
What is the greatest common factor of 757 and 2?
1
What is the highest common factor of 48 and 72?
24
What is the highest common factor of 186 and 6?
6
What is the greatest common divisor of 50 and 850?
50
Calculate the greatest common factor of 322 and 14.
14
Calculate the highest common factor of 10 and 1210.
10
Calculate the highest common divisor of 144 and 276.
12
Calculate the greatest common factor of 8682 and 6.
6
Calculate the highest common factor of 3078 and 108.
54
What is t